or of 27683232 and 192.
96
What is the highest common divisor of 1449 and 4065273?
207
Calculate the highest common factor of 5874975 and 89550.
225
Calculate the greatest common factor of 62 and 775926280.
62
Calculate the greatest common factor of 2451 and 93253197.
2451
What is the greatest common factor of 730376446 and 8444?
4222
What is the highest common factor of 88836 and 63953844?
8076
What is the highest common divisor of 534690 and 208?
26
Calculate the greatest common factor of 266 and 323874.
38
What is the greatest common factor of 14 and 1365343?
7
Calculate the highest common factor of 68861520 and 1280.
80
What is the highest common divisor of 1 and 4743?
1
What is the highest common divisor of 4497 and 15812951?
1499
Calculate the highest common divisor of 236484486 and 504.
126
What is the highest common divisor of 1969368 and 3131?
31
Calculate the highest common factor of 44 and 1979186.
22
Calculate the greatest common factor of 15445 and 323452279.
3089
Calculate the greatest common divisor of 8385 and 1784770.
65
What is the greatest common divisor of 5460 and 392964?
156
What is the greatest common factor of 8229239 and 23?
23
What is the greatest common factor of 564348 and 162964?
524
Calculate the highest common factor of 43169 and 307122767.
6167
What is the greatest common divisor of 190670 and 354890?
230
What is the greatest common divisor of 1296342 and 63?
9
Calculate the greatest common factor of 186780724 and 78.
26
What is the greatest common divisor of 28633632 and 192?
96
Calculate the highest common factor of 5684690 and 14795.
55
Calculate the greatest common factor of 781 and 1892341913.
781
What is the highest common divisor of 3694 and 1653471340?
3694
Calculate the greatest common factor of 456 and 2768.
8
Calculate the greatest common divisor of 39531 and 12471.
3
What is the greatest common divisor of 1271666 and 1342?
22
What is the highest common factor of 1216 and 181956464?
304
Calculate the greatest common factor of 12049032 and 480.
24
What is the greatest common factor of 45350 and 51400?
50
Calculate the greatest common divisor of 95781 and 21.
21
Calculate the highest common divisor of 575010601 and 187.
187
Calculate the greatest common factor of 7 and 1769789.
7
What is the greatest common divisor of 18376362 and 7668?
3834
Calculate the highest common divisor of 439737 and 161.
23
Calculate the highest common factor of 233493 and 1248.
39
What is the greatest common divisor of 11610270 and 686?
14
Calculate the highest common divisor of 33088 and 77110.
22
Calculate the greatest common factor of 195546048 and 96.
96
What is the greatest common factor of 199701497 and 566?
283
What is the greatest common divisor of 796491 and 1008?
9
What is the highest common factor of 104 and 20427394?
26
What is the highest common divisor of 45264 and 259817?
41
What is the greatest common divisor of 10 and 6096015?
5
What is the highest common divisor of 28161944 and 8?
8
Calculate the greatest common factor of 1014 and 20573553.
507
What is the highest common divisor of 13110 and 569430?
570
Calculate the highest common factor of 56035 and 535045.
35
What is the highest common divisor of 1122180 and 9912?
708
What is the greatest common divisor of 2570096 and 218122?
382
What is the highest common divisor of 55404 and 27588?
228
Calculate the greatest common divisor of 759 and 667713.
69
Calculate the greatest common divisor of 27728 and 36703207.
1733
Calculate the highest common divisor of 36425228 and 14.
14
Calculate the greatest common factor of 55025 and 35785775.
1775
Calculate the greatest common factor of 13734 and 18378.
18
What is the highest common factor of 84208 and 272?
16
What is the greatest common divisor of 626630 and 544120?
2230
What is the greatest common divisor of 879978 and 334598?
1474
What is the greatest common factor of 9872 and 131600?
16
What is the greatest common factor of 748660 and 44820?
1660
What is the highest common factor of 103925 and 125?
25
What is the greatest common divisor of 3075062 and 10926?
1214
Calculate the highest common factor of 884 and 1003391.
17
What is the highest common divisor of 9402557 and 70708?
1607
What is the highest common factor of 348758 and 6259021?
1693
What is the highest common divisor of 306235 and 4964?
73
Calculate the greatest common divisor of 1397 and 1260117749.
1397
What is the greatest common divisor of 8812916 and 308?
28
Calculate the highest common factor of 10902 and 354798.
138
What is the highest common factor of 10145732 and 26202?
794
What is the greatest common divisor of 14885 and 34595717?
2977
Calculate the highest common divisor of 11492496 and 16.
16
What is the greatest common divisor of 12243806 and 934?
934
What is the greatest common factor of 779736 and 1378?
106
What is the greatest common factor of 1757855 and 589?
31
What is the highest common divisor of 17947849 and 18324?
509
What is the greatest common factor of 1285119 and 57?
3
Calculate the greatest common factor of 4552 and 709543.
569
What is the greatest common factor of 7410 and 1767000?
570
Calculate the greatest common factor of 10 and 29623575.
5
What is the highest common factor of 91233569 and 41?
41
Calculate the highest common divisor of 1616 and 354005.
101
What is the greatest common divisor of 133332 and 42780060?
3252
Calculate the highest common factor of 2672081 and 2014732.
8537
What is the greatest common factor of 14280 and 8136625?
595
Calculate the highest common factor of 264 and 3896079.
33
Calculate the greatest common factor of 112240 and 261120.
80
What is the greatest common divisor of 1266 and 176237539?
211
What is the highest common factor of 8395 and 36526645?
8395
Calculate the greatest common divisor of 4783052 and 476.
68
Calculate the greatest common factor of 400 and 232919600.
400
Calculate the highest common divisor of 1964 and 53149768.
1964
Calculate the greatest common divisor of 8760709 and 7287.
347
Calculate the highest common factor of 50716 and 6182444.
1636
Calculate the greatest common factor of 138 and 3153898.
46
What is the greatest common divisor of 5282496 and 9216?
576
What is the greatest common divisor of 48808 and 20408?
8
What is the greatest common factor of 10967957 and 1001?
1001
What is the highest common divisor of 11700 and 818820?
180
What is the greatest common factor of 5920 and 2200603120?
2960
Calculate the highest common divisor of 147 and 12005728.
7
What is the highest common factor of 106495 and 1605272?
1121
Calculate the highest common divisor of 119025289 and 254.
127
What is the highest common divisor of 3414 and 188763474?
3414
What is the highest common divisor of 25899 and 516831811?
8633
What is the highest common divisor of 33622 and 842?
2
What is the highest common divisor of 26764 and 832955899?
6691
What is the greatest common factor of 326 and 28940487?
163
Calculate the greatest common factor of 25597 and 1054339.
143
What is the highest common divisor of 452 and 525000486?
226
What is the highest common factor of 59103 and 46629?
297
Calculate the greatest common factor of 23555168 and 104.
104
What is the greatest common divisor of 136434372 and 24?
12
Calculate the highest common divisor of 3606 and 20358274.
1202
Calculate the highest common factor of 333304 and 7442.
122
Calculate the greatest common divisor of 16181 and 4299733.
1471
Calculate the greatest common divisor of 43659 and 56007.
441
What is the highest common divisor of 343922 and 48106?
718
Calculate the greatest common divisor of 394411618 and 18246.
6082
Calculate the highest common divisor of 67008 and 33.
3
What is the greatest common divisor of 4330 and 6930?
10
What is the greatest common divisor of 6896 and 1503728?
16
What is the highest common divisor of 2590 and 7676018?
14
What is the greatest common divisor of 78561113 and 14035?
401
What is the greatest common factor of 50141 and 118313?
247
What is the greatest common factor of 4512 and 27205856?
1504
Calculate the greatest common divisor of 29342465 and 101072.
6317
What is the highest common divisor of 131753324 and 18784?
2348
What is the highest common divisor of 545533141 and 97?
97
Calculate the greatest com